t the prime factors of f.
5, 227
Let t(g) = -g**3 - 6*g**2 - 3*g + 10. Let c be t(-5). Suppose 4*i - k = -i - 7, 3*i - 3*k - 3 = c. List the prime factors of (55 + -4 + 3)*(-3)/i.
3
Let f = -175 - -182. Suppose 2*l = -3*k + 2211, -3*k + 4*l + 2211 = f*l. List the prime factors of k.
11, 67
List the prime factors of -27 - -6 - (-18053 + 29).
3, 17, 353
Let p be (-1 + 0)/((-2)/6). Suppose -2*r + 406 = 2*c, -3*r = 7*c - 3*c - 809. Suppose 5*z - n = n + 327, c = p*z - 5*n. List the prime factors of z.
5, 13
Let w(z) = 12*z**2 + z - 1. Let h = 146 - 144. What are the prime factors of w(h)?
7
Let n(r) = -6*r + 3. Let j be n(-1). Let t(u) be the second derivative of -u**4/12 + 3*u**3/2 + 3*u**2 - 2*u. List the prime factors of t(j).
2, 3
Suppose z - w - 1553 = 2453, z = 5*w + 4014. Suppose 9*i = 1504 + z. List the prime factors of i.
2, 3, 17
Suppose -439*i = -436*i - 4110. Suppose 5*l = 2*v - 0*l - 2725, -v = -l - i. List the prime factors of v.
5, 11
Let c be -2 + ((-10)/(-35) - (-78)/21). Suppose -3*w = -15*j + 10*j + 2736, -w - 1094 = -c*j. List the prime factors of j.
2, 3, 7, 13
Suppose -3*a - 125 = 2*a. Let p = a + 26. What are the prime factors of (((-138)/(-4))/p)/(9/18)?
3, 23
Let c = -19186 - -45471. What are the prime factors of c?
5, 7, 751
Let p(c) = -c**3 + 42*c**2 + 273*c - 33. What are the prime factors of p(43)?
9857
Let r = 301 - 26. Suppose 20*j - r = 9*j. Suppose 24*f - j*f + 88 = 0. List the prime factors of f.
2, 11
What are the prime factors of (-1 + 0 - 23100)*(4 + -77)/73?
13, 1777
Suppose 55088 = 4*d - x + 6510, -x - 12146 = -d. List the prime factors of d.
2, 3, 11, 23
Suppose 2*n + 2*f - 132778 = 0, -2*n + 94811 + 37976 = f. List the prime factors of n.
2, 33199
Suppose -169 = -4*j - 3*i - 134, -2*j - i + 15 = 0. Let r be (-1)/2*(-20)/2. Suppose 0 = 2*t - 2*h - 42, j*t = 3*t + r*h + 27. What are the prime factors of t?
2, 13
Let y = 616 + -324. Let r = y + 155. What are the prime factors of r?
3, 149
Let x = 68958 + -4999. List the prime factors of x.
7, 9137
What are the prime factors of 86/(-5)*(10 - (9 + 391))?
2, 3, 13, 43
Suppose -17*d - 5987 = -5*f - 186994, -2*d + 21287 = f. What are the prime factors of d?
2, 5323
Suppose 4*c - 26 = -2*w - 0*c, 5*w - 2*c = 65. Suppose -1791 + 7836 = w*j. What are the prime factors of j?
3, 5, 31
Let k(s) = -461*s**3 + 8*s**2 - 6*s - 10. Let p be k(-4). Suppose -28*g + 6866 = -p. List the prime factors of g.
2, 163
Let v be 9/(-3) - (-45)/(-1 - 2). Let a be (286/(-4) - -1)*24/v. Let m = 210 - a. What are the prime factors of m?
2, 29
Let r(b) be the first derivative of -2*b**2 - 3*b + 13/3*b**3 - 6. List the prime factors of r(-1).
2, 7
Let u(a) = 9*a - 47. Let o be u(4). Let r(n) = -2*n**3 - 14*n**2 - 11*n + 3. What are the prime factors of r(o)?
2, 3, 7, 13
List the prime factors of (-2)/6 - 34688/(-6).
3, 41, 47
Let j(o) = -2*o**3 - 89*o**2 + 90*o + 940. List the prime factors of j(-52).
2, 5, 7, 263
Let o(m) = -2*m + 2. Suppose -7 = -5*b - 2. Let j be o(b). Suppose j*u - 7*u = -49. List the prime factors of u.
7
Let x(i) = -118*i - 38. List the prime factors of x(-22).
2, 1279
What are the prime factors of 203/145*2697 + (-2)/(-10)?
2, 59
Suppose 0*a - 3*a = 0. Suppose a = 3*l - 731 - 586. What are the prime factors of l?
439
Let a(g) = 873*g**2 - 31*g + 123. List the prime factors of a(4).
13967
List the prime factors of (-71016)/(-13 + 2) - (1 - 2).
11, 587
Suppose q = -2*b - 0*b + 240, -q + 255 = 5*b. Let t = q - -16. What are the prime factors of t?
2, 3, 41
Suppose -62*a = -67*a + 49225. What are the prime factors of a?
5, 11, 179
Let h(t) = -18*t - 126. Let g be h(-7). Suppose -5*c + 337 + 903 = g. What are the prime factors of c?
2, 31
Let q(c) = -22 + 174*c + 50 - 608*c. What are the prime factors of q(-2)?
2, 7
What are the prime factors of (-14 + 16)/(20/301970)?
30197
Let m = -104 - -98. What are the prime factors of (5 - (-5 + 466/m))*6?
2, 263
Suppose 18*p - 11*p = 29112 + 30808. List the prime factors of p.
2, 5, 107
Let l = -6 + 18. What are the prime factors of 1407 + 5 - (3 - l)?
7, 29
Suppose h - 4*h = 0. Suppose 82*x = 23*x + 118. Suppose h = -w + x*n + 201, 3*w = -3*n - 43 + 664. List the prime factors of w.
5, 41
Suppose 0 = -2*g + y + 3706 + 578, -20 = 5*y. Let j = g + -1296. What are the prime factors of j?
2, 211
Suppose 0*f + 100 = 5*f. Suppose 0 = -5*l - 10 - f. What are the prime factors of (232/12)/((-1)/l)?
2, 29
Let b(s) = -53*s - 74 - 23*s**2 + 51 + 58*s**2 - s**3. What are the prime factors of b(32)?
3, 11, 41
Suppose 0 = -4*u - d + 11474, 1817 = -u - 2*d + 4682. List the prime factors of u.
19, 151
Let d = 388 - 354. Suppose 27*y = d*y - 2660. What are the prime factors of y?
2, 5, 19
Let c = 516 - 511. Suppose c*b = -3*a + 5033 - 78, -3*b - 8315 = -5*a. List the prime factors of a.
2, 5, 83
Let s = 17264 + -7892. What are the prime factors of s?
2, 3, 11, 71
Let w(u) = -307*u - 2874. List the prime factors of w(-21).
3, 397
Let s(b) = -21*b + 1107. Let n(v) = 22*v - 1108. Let i(m) = 4*n(m) + 5*s(m). List the prime factors of i(0).
1103
Let v = 111849 - 33945. What are the prime factors of v?
2, 3, 541
Let y(d) = d**2 - 102*d - 2903. What are the prime factors of y(-53)?
2, 83
Let c(j) = 99*j - 23. Suppose -28 = -37*w + 30*w. List the prime factors of c(w).
373
Let i = 230 + -225. Suppose 5*z + 7080 = i*h, -3*h = -z + 2121 - 6379. What are the prime factors of h?
7, 29
Suppose -4*p + 28138 = j, -277*p + 5*j = -282*p + 35165. What are the prime factors of p?
3, 5, 7, 67
Suppose 8*m + 289920 = 68*m. List the prime factors of m.
2, 151
What are the prime factors of (56529/45)/((-17)/(-170))?
2, 11, 571
Let q = 44 + -40. Suppose f - 2*u + 15 = -2*f, q*f + 18 = 2*u. Let z(v) = -15*v + 1. List the prime factors of z(f).
2, 23
Suppose 0 = -16*c + 293041 + 311439. List the prime factors of c.
2, 5, 1889
Let c(h) = -h**3 - 2*h + 52. Suppose -3*q - 4*a = -2*a - 2, -3*a + 3 = 3*q. List the prime factors of c(q).
2, 13
Let v = 1107 - 215. Let f = -482 + v. Suppose -h = -d + 4*h + 97, -4*d = 2*h - f. List the prime factors of d.
2, 3, 17
What are the prime factors of 3*(-10)/35*(-4515098)/68?
3, 61, 311
Suppose 17*b - 102 = -0*b. Suppose 144 = -b*z + 7278. List the prime factors of z.
29, 41
Suppose 5*g = 0, 3*g + 10434 = -7*q + 9*q. List the prime factors of q.
3, 37, 47
Suppose 2*p - 6*s = -s + 68, -4*p - 5*s + 106 = 0. Let o = 49 - p. Suppose 0 = -6*w + 2*w + 4*x + 464, 5*x = o. List the prime factors of w.
2, 3, 5
Suppose -21*t + 111667 - 28423 = 0. What are the prime factors of t?
2, 991
Let v(w) = w**3 + 7*w**2 + 11*w + 32. Let a be v(-6). Suppose 2*o = -p - 2*o - 41, -42 = 2*p - a*o. Let u = p + 33. List the prime factors of u.
2
Let t(u) = u**2 + 22*u - 28. Let b(o) = -2*o**2 - 19*o + 13. Let y be b(0). List the prime factors of t(y).
7, 61
Let g be -4*(-2)/(-24)*-2949. Let k = g - 533. List the prime factors of k.
2, 3, 5
Suppose 10*q = l + 12*q - 188, -l + 208 = -2*q. Suppose 4*f - 11 = -3. Suppose -4*k = 3*c + f*c - l, -160 = -4*c - 4*k. What are the prime factors of c?
2, 19
Suppose -10181 = -2*z + t, 11*z - t - 25451 = 6*z. List the prime factors of z.
2, 5, 509
Let w(k) = -15*k**2 - 37*k**2 - k + 48*k**2 + 522. What are the prime factors of w(0)?
2, 3, 29
Suppose -3*l = s - 5*s + 25, -5*l = 3*s + 3. Let w(t) = 43*t - 8. Let k be w(s). Suppose -556 = -6*v + k. List the prime factors of v.
2, 3, 5
Suppose -4*b = -4*v - 20, 5*b - 2*v - v - 21 = 0. Suppose -h = -b*i - 50, 3*i = 4*h + 25 - 180. List the prime factors of h.
5, 7
Let p(d) be the first derivative of -d**2/2 - 14*d - 26. Let f be p(-17). Suppose -2*u - f*u = -2*k + 223, -4*k = 2*u - 410. What are the prime factors of k?
2, 13
List the prime factors of (-1147599)/(-376) - ((-6)/(-16))/3.
2, 7, 109
Let k(h) = 17*h**2 - 5*h - 7. Suppose -3*w = 34 - 19. List the prime factors of k(w).
443
Let s = -8183 + 13457. Suppose -11*l = -s - 2283. What are the prime factors of l?
3, 229
Let d be -5 + (3 + -13)*9/(-18). Suppose d = -10*f + 1985 + 195. What are the prime factors of f?
2, 109
Let u(s) = -s**3 + 4*s**2 + 18. Let m be u(5). List the prime factors of 133 + 1 + m + -4.
3, 41
Let r(b) = -5545*b**3 + 7*b**2 - 2*b - 19. List the prime factors of r(-2).
3, 7, 2113
Let k = -583 + 179. Let x